{"id":1008,"date":"2024-10-21T15:10:55","date_gmt":"2024-10-21T15:10:55","guid":{"rendered":"https:\/\/alfonsosilvan.es\/?post_type=product&#038;p=1008"},"modified":"2026-02-03T16:58:03","modified_gmt":"2026-02-03T16:58:03","slug":"coraje","status":"publish","type":"product","link":"https:\/\/alfonsosilvan.es\/en\/obra\/coraje\/","title":{"rendered":"Courage"},"content":{"rendered":"","protected":false},"excerpt":{"rendered":"<p>Original painting by A.Silv\u00e1n<\/p>\n<ul>\n<li>Collection: Pure in Red<\/li>\n<li>Acrylic on canvas<\/li>\n<li>Size: 65 x 81 cm<\/li>\n<li>Year: 2024<\/li>\n<li>Certificate of authenticity<\/li>\n<\/ul>\n<p>Artist description:<br \/>\nSuccess is a matter of perspective. I find it in the present, doing what I love, but also in something more conventional, like the fact that I always dreamed of my name being remembered... Something I will never stop pursuing.<br \/>\nThese days, what I value most is the journey, enjoying every step, the good and the bad. And none of this is possible without COURAGE; it's that special something that drives you, makes you brave, and helps you take the first step.<br \/>\nPursue your dreams because we only have one life. Be courageous and do what makes you happy.<br \/>\nEsta obra fue pintada en un evento en directo durante una exposici\u00f3n que hice en Madrid. Es una pintura en rojo Silv\u00e1n que conmemora al desaf\u00edo y la valent\u00eda, cargada de emoci\u00f3n, texturas y expresividad. &hellip; <a href=\"https:\/\/alfonsosilvan.es\/en\/obra\/coraje\/\" class=\"more-link\"><span class=\"readmore\">Continue reading<span class=\"screen-reader-text\">Courage<\/span><\/span><\/a><\/p>","protected":false},"featured_media":1009,"template":"","meta":[],"product_brand":[],"product_cat":[38,45],"product_tag":[31],"class_list":{"0":"post-1008","1":"product","2":"type-product","3":"status-publish","4":"has-post-thumbnail","6":"product_cat-obra-original","7":"product_cat-puroenrojo","8":"product_tag-paisaje","9":"product_shipping_class-cuadros-grandes","11":"first","12":"instock","13":"sold-individually","14":"taxable","15":"shipping-taxable","16":"purchasable","17":"product-type-simple"},"_links":{"self":[{"href":"https:\/\/alfonsosilvan.es\/en\/wp-json\/wp\/v2\/product\/1008","targetHints":{"allow":["GET"]}}],"collection":[{"href":"https:\/\/alfonsosilvan.es\/en\/wp-json\/wp\/v2\/product"}],"about":[{"href":"https:\/\/alfonsosilvan.es\/en\/wp-json\/wp\/v2\/types\/product"}],"wp:featuredmedia":[{"embeddable":true,"href":"https:\/\/alfonsosilvan.es\/en\/wp-json\/wp\/v2\/media\/1009"}],"wp:attachment":[{"href":"https:\/\/alfonsosilvan.es\/en\/wp-json\/wp\/v2\/media?parent=1008"}],"wp:term":[{"taxonomy":"product_brand","embeddable":true,"href":"https:\/\/alfonsosilvan.es\/en\/wp-json\/wp\/v2\/product_brand?post=1008"},{"taxonomy":"product_cat","embeddable":true,"href":"https:\/\/alfonsosilvan.es\/en\/wp-json\/wp\/v2\/product_cat?post=1008"},{"taxonomy":"product_tag","embeddable":true,"href":"https:\/\/alfonsosilvan.es\/en\/wp-json\/wp\/v2\/product_tag?post=1008"}],"curies":[{"name":"wp","href":"https:\/\/api.w.org\/{rel}","templated":true}]}}

<p>Original painting by A.Silván</p>
<ul>
<li>Collection: Pure in Red</li>
<li>Acrylic on canvas</li>
<li>Size: 65 x 81 cm</li>
<li>Year: 2024</li>
<li>Certificate of authenticity</li>
</ul>
<p>Artist description:<br />
Success is a matter of perspective. I find it in the present, doing what I love, but also in something more conventional, like the fact that I always dreamed of my name being remembered... Something I will never stop pursuing.<br />
These days, what I value most is the journey, enjoying every step, the good and the bad. And none of this is possible without COURAGE; it's that special something that drives you, makes you brave, and helps you take the first step.<br />
Pursue your dreams because we only have one life. Be courageous and do what makes you happy.<br />
Esta obra fue pintada en un evento en directo durante una exposición que hice en Madrid. Es una pintura en rojo Silván que conmemora al desafío y la valentía, cargada de emoción, texturas y expresividad. &hellip; <a href="https://alfonsosilvan.es/en/obra/coraje/" class="more-link"><span class="readmore">Continue reading<span class="screen-reader-text">Courage</span></span></a></p>
